alculate the greatest common factor of 8272276 and 8.
4
Calculate the greatest common divisor of 1637553 and 20577.
57
Calculate the highest common factor of 45 and 59426649.
9
Calculate the highest common factor of 340 and 136640084.
68
Calculate the highest common divisor of 5855077 and 2008.
251
What is the highest common factor of 19 and 637677221?
19
What is the greatest common divisor of 243 and 301824?
9
What is the highest common factor of 62643 and 48513?
471
What is the greatest common divisor of 10 and 126030885?
5
Calculate the highest common factor of 144 and 374155758.
18
What is the greatest common factor of 4856 and 687124?
2428
Calculate the highest common divisor of 2832766 and 6.
2
What is the greatest common factor of 35579392 and 288?
32
Calculate the greatest common divisor of 19890 and 40246310.
2210
Calculate the highest common divisor of 205 and 847550155.
205
What is the greatest common divisor of 1096424 and 34?
2
What is the greatest common factor of 3 and 176152455?
3
Calculate the greatest common factor of 596661 and 12246.
39
What is the greatest common divisor of 2915057 and 15822?
293
What is the greatest common factor of 34680 and 124350?
30
Calculate the highest common divisor of 26210406 and 25323.
1101
What is the greatest common divisor of 253934122 and 598?
598
Calculate the highest common factor of 7658210 and 2170.
70
Calculate the greatest common divisor of 520 and 361238410.
130
What is the greatest common divisor of 300 and 3099420?
60
What is the highest common divisor of 1671044 and 6102?
226
What is the greatest common divisor of 212608 and 419584?
1408
What is the greatest common factor of 152 and 761029800?
152
What is the highest common divisor of 37 and 3134936?
37
Calculate the highest common factor of 32849298 and 4.
2
Calculate the greatest common divisor of 6288 and 16128327.
393
Calculate the greatest common divisor of 996 and 1636179.
249
Calculate the greatest common divisor of 6514155 and 146.
73
What is the highest common divisor of 13337090 and 6760?
130
Calculate the greatest common divisor of 10668 and 3933952.
508
What is the greatest common factor of 2625 and 115325?
175
Calculate the greatest common factor of 232126 and 90579.
277
Calculate the highest common factor of 25138596 and 4921.
133
Calculate the greatest common factor of 14736 and 1778451.
921
Calculate the highest common factor of 308267 and 10927633.
2881
What is the highest common divisor of 178 and 444484?
2
What is the greatest common divisor of 107399169 and 34245?
6849
What is the highest common factor of 360207 and 1146?
3
Calculate the greatest common factor of 2331 and 13268829.
777
Calculate the highest common factor of 13 and 65909077.
13
What is the greatest common factor of 4637467 and 1955?
23
Calculate the highest common factor of 10835 and 15372698.
2167
What is the highest common divisor of 15018055 and 1105?
1105
Calculate the greatest common divisor of 526395378 and 510.
102
Calculate the highest common factor of 2088 and 361512.
72
What is the greatest common divisor of 10320944 and 8?
8
Calculate the greatest common factor of 33672 and 591468.
276
Calculate the greatest common factor of 1779 and 55098.
3
What is the greatest common divisor of 17 and 360117001?
17
Calculate the highest common divisor of 5077439 and 22217.
1709
Calculate the greatest common divisor of 114 and 6073806.
114
Calculate the greatest common factor of 172869 and 1131.
87
Calculate the greatest common divisor of 1438657 and 341.
11
Calculate the greatest common divisor of 9408 and 5049744.
2352
What is the greatest common factor of 32 and 29026592?
32
What is the highest common factor of 937874 and 564634?
434
Calculate the greatest common divisor of 36 and 1412012088.
36
What is the greatest common factor of 504 and 1785668?
4
What is the highest common divisor of 34433912 and 68519?
6229
Calculate the highest common factor of 62225 and 5428509.
2489
Calculate the highest common factor of 1124 and 313034.
562
Calculate the highest common divisor of 12 and 3227528.
4
Calculate the greatest common divisor of 442 and 220532.
26
What is the highest common divisor of 37816416 and 46?
46
Calculate the highest common divisor of 99792 and 8131104.
1296
What is the greatest common divisor of 14063 and 12458383?
287
What is the greatest common divisor of 63801 and 144058?
17
Calculate the greatest common factor of 19461 and 520923.
39
Calculate the greatest common divisor of 1449 and 47067591.
69
What is the highest common divisor of 89 and 33223?
1
What is the highest common factor of 23 and 22380978?
23
Calculate the highest common factor of 31433 and 17667195.
1849
What is the greatest common factor of 14009706 and 248?
62
Calculate the greatest common divisor of 6003055 and 25.
5
Calculate the highest common factor of 2219686 and 1487514.
4634
Calculate the greatest common divisor of 96703008 and 144.
48
What is the greatest common factor of 7182658 and 28?
14
What is the greatest common divisor of 1432 and 15652297?
179
What is the highest common factor of 1772 and 214098356?
1772
What is the greatest common factor of 1164 and 593834?
194
Calculate the highest common factor of 36565505 and 1059.
353
What is the greatest common divisor of 924 and 51451932?
84
What is the greatest common divisor of 1113967985 and 65?
65
Calculate the highest common factor of 29773 and 2618457.
1567
Calculate the highest common factor of 79944 and 3732.
12
What is the highest common factor of 16456239 and 63?
9
What is the greatest common divisor of 9320544 and 576?
288
What is the highest common factor of 3031 and 6955279?
433
What is the highest common divisor of 145729 and 6283?
61
What is the highest common factor of 810 and 40589730?
90
What is the highest common factor of 25687 and 365662?
1511
Calculate the highest common divisor of 14042 and 35054068.
238
Calculate the highest common divisor of 124035 and 5085.
15
Calculate the greatest common factor of 1458474 and 2838.
258
Calculate the highest common factor of 51023 and 1073.
37
What is the greatest common factor of 95 and 8759285?
95
What is the greatest common factor of 40 and 18033580?
20
Calculate the greatest common divisor of 32361 and 13321623.
483
What is the highest common factor of 60494 and 133802?
298
What is the highest common divisor of 24402 and 11084388?
294
What is the highest common factor of 301 and 28681387?
301
What is the highest common divisor of 3171005 and 10355?
95
Calculate the highest common factor of 1019087792 and 16.
16
What is the greatest common divisor of 118791 and 3265472?
197
Calculate the highest common factor of 768296013 and 2469.
2469
Calculate the greatest common factor of 410 and 95800.
10
What is the greatest common factor of 894468 and 18948?
12
Calculate the greatest common divisor of 81880 and 1076900.
1780
What is the greatest common factor of 184 and 3613496?
8
Calculate the highest common divisor of 360388175 and 10850.
5425
Calculate the greatest common divisor of 2832 and 12843312.
48
Calculate the greatest common divisor of 43865 and 1632910.
1415
What is the greatest common factor of 211512 and 122934?
42
What is the highest common factor of 18907406 and 18704?
2338
What is the highest common divisor of 57123 and 3821471?
577
What is the greatest common factor of 10947629 and 34485?
209
Calculate the greatest common divisor of 14252 and 5080.
4
Calculate the greatest common factor of 41044727 and 21759.
7253
What is the highest common factor of 3527546 and 418?
22
Calculate the greatest common divisor of 28607308 and 46.
46
What is the greatest common factor of 28258020 and 89790?
1230
What is the greatest common divisor of 7089712 and 176400?
784
Calculate the greatest common divisor of 17777012 and 1364.
1364
What is the greatest common divisor of 727 and 7729?
1
What is the greatest common factor of 337619 and 59713?
283
What is the highest common factor of 312 and 5790876?
156
What is the greatest common factor of 72100 and 87640?
140
What is the greatest common factor of 378 and 919566?
54
Calculate the greatest common factor of 4358 and 56003.
1
Calculate the greatest common factor of 2244632 and 108480.
904
What is the gr